t is the remainder when 13 is divided by d/15 - (-231)/45?
3
Suppose 0 = 5*a - 4*r - 4057, -58 = a - r - 869. Calculate the remainder when a is divided by 68.
65
Suppose g + 383 = 5*v - 114, -105 = -v + 3*g. Let x(r) = r**3 + 25. Let p be x(0). Let q = p + 0. Calculate the remainder when v is divided by q.
24
Suppose -k + 10*k = 369. What is the remainder when 99 is divided by k?
17
Let z(i) = 4*i**3 - 19*i**2 + 12*i - 2. What is the remainder when 214 is divided by z(5)?
48
Let h(q) = 2*q**2 + 5*q + 3. Let o be h(-2). Let t = 4 - o. Calculate the remainder when 19 is divided by t.
1
Suppose 0*m - 2*m = -8. Suppose -2*u = c - 6, 2*u = -m*c + 39 + 15. Let b(t) = 8*t - 10. Calculate the remainder when b(7) is divided by c.
14
Let x = -1437 - -1446. What is the remainder when 29 is divided by x?
2
What is the remainder when 40 is divided by 15 - 18 - 54/(-2)?
16
Suppose 3*p + 5*j + 0 - 15 = 0, 5*p - 25 = -5*j. Let u = 7 - p. What is the remainder when 5 is divided by u?
1
Let h(b) = b**2 - 12*b - 125. Calculate the remainder when 50 is divided by h(-8).
15
Suppose -8*k = -9*k + 4. Suppose 0 = -4*l + 12, -l = k*b + 4*l - 143. Calculate the remainder when 127 is divided by b.
31
Suppose -3*l + 225*n = 224*n - 887, 4*l = -n + 1192. What is the remainder when l is divided by 5?
2
Suppose 35*i - 72 = 27*i. Let u = -160 - -235. Suppose 5*j + 2*a = u, 2*j = j - 2*a + 15. What is the remainder when j is divided by i?
6
Suppose 0 = 34*u - 28*u - 4008. What is the remainder when u is divided by 135?
128
Suppose 0 = -3*s - 2*n + 22, 5*n - 22 = -s - s. Calculate the remainder when 42/(-4)*(-1008)/1176 is divided by s.
3
Let i be 651/63*(-3 - 0/1). Let n = -12 - i. Calculate the remainder when 72 is divided by n.
15
Suppose 4*g - 93 = g. Suppose -w + 2*v + 2*v + 4 = 0, 0 = 2*w + 5*v - 34. What is the remainder when g is divided by w?
7
Suppose 0 = 2*k - 4, -2*k = 4*s + k - 262. Suppose 46 = 5*q - s. Let f = 172 + -109. Calculate the remainder when f is divided by q.
19
What is the remainder when -20*(14/(-8) - 0) is divided by 18?
17
Let q(u) = -u - 8. Suppose 5*p - 6 = 2*p. Suppose -4*t + j - 4 = -15, 0 = p*t + 3*j + 5. What is the remainder when t is divided by q(-9)?
0
Suppose 0 = 7*l - 5*l - 282. Suppose -5*r - 6 = -l. What is the remainder when 2/(-3)*33*-6 is divided by r?
24
Let b = -10 - -12. Suppose 4*s = -g + 2, -5*g - 26 = -0*s + b*s. What is the remainder when -5 - g - (-21)/1 is divided by 12?
10
Suppose 4*q - 79 = 41. Let w be 70/(-15)*72/(-14). Suppose -5*a = -w - 16. Calculate the remainder when q is divided by a.
6
Suppose 5*w + 5*l - 40 = 0, 6*l = -w + 2*l + 11. Suppose 8*x = w*x + 17. Calculate the remainder when 31 is divided by x.
14
Suppose 0 = -61*l + 59*l + 3*w + 46, -3*l + 88 = 5*w. Let b(i) = i**3 + 3*i**2 - 3*i - 1. What is the remainder when l is divided by b(-3)?
2
Suppose 0 = -w - w + 418. What is the remainder when w is divided by 35?
34
Let a(s) = s**2 - s - 17. Let p be a(7). Suppose -2*m + 3*g + 39 = -6, 3*m + 4*g = p. What is the remainder when 72 is divided by m?
12
Let w(g) = g**3 - 7*g**2 + 3*g + 1. Suppose 1 = -4*y + 9, 4*d = -3*y + 34. Let l be w(d). Let h = l - 10. Calculate the remainder when 35 is divided by h.
11
Suppose -21*y = -9*y - 1020. Calculate the remainder when y is divided by 25.
10
Let q = -65 - -460. What is the remainder when q is divided by 66?
65
Let w be 5 + 12/(-6) - (3 - 1). Calculate the remainder when 2 - -40 - 0/(w*-1) is divided by 29.
13
Suppose -2*c + 16 = -6. Calculate the remainder when (567/405)/(2/90) is divided by c.
8
Let h(b) = -b**3 - 6*b**2 - 5*b - 2. Suppose 3*l - 15 = 0, -5*l = u - 0*l - 25. Suppose 5*p - 410 = -u. What is the remainder when p is divided by h(-6)?
26
Let a(t) = -13 - 3*t + 12*t + 36. Let f(d) = 13*d + 34. Let m(y) = 7*a(y) - 5*f(y). Calculate the remainder when 75 is divided by m(-11).
10
What is the remainder when -2 + (1752/24 - -1*4) is divided by 13?
10
Suppose -117 = -5*r + z, 5*r + 5*z = 64 + 41. Let h(s) = s**3 + 22*s**2 - 27*s + 21. What is the remainder when h(-23) is divided by r?
21
Suppose 5*t - 194 = 6. Suppose 4*n = 65 - 21. Calculate the remainder when t is divided by n.
7
Suppose -2*f = -2*i - 14, -5*f - i - i = -56. Let q = -493 - -550. Calculate the remainder when q is divided by f.
7
Let p(z) = 2*z + 35. Let a be p(0). Suppose j - 52 = -a. Calculate the remainder when 42 is divided by j.
8
What is the remainder when 144 is divided by 4 + ((-60)/36)/((-2)/54)?
46
Let z = 251 - -82. What is the remainder when z is divided by 38?
29
Suppose 0 = -2*i - 0*i + 26. Let y = -1154 - -1159. What is the remainder when i is divided by y?
3
Calculate the remainder when 246 is divided by (-170)/(-153) + (-548)/(-9).
60
What is the remainder when 12 - (-8 + 3)*1 is divided by 11?
6
Suppose 3*u + 2*x = 14, 19 - 2 = 4*u + x. Let o(y) be the second derivative of -y**3/2 - 2*y**2 - 9*y. What is the remainder when u is divided by o(-2)?
0
Let t(c) = -c**2 + 16*c - 29. What is the remainder when 44 is divided by t(7)?
10
Let k(z) = z**2 - 11*z - 1. Let t be k(7). Calculate the remainder when 1/(1*-2 + t/(-14)) is divided by 5.
4
Let a(h) = -226*h - 4. Let v be a(-2). Let q be -8 - v - (1 - 3). Calculate the remainder when 28 is divided by (-4)/30 + q/(-30).
13
Let n(g) = -3*g**2 - 13*g + 12. Let q be n(-5). Suppose -q*d - i + 142 = 9, -4*i - 4 = 0. Calculate the remainder when d is divided by (-104)/(-6) + 1/(-3).
16
Suppose -7*a + 945 = 2*a. What is the remainder when a is divided by 18?
15
Suppose -3*m - 21 = -10*m. Suppose 5*q + m*f - 67 = -0*f, 3*q - f = 43. Calculate the remainder when 23 is divided by q.
9
Calculate the remainder when 136 is divided by ((-205)/(-9) - -5) + (-4)/(-18).
24
Let a(c) = -180*c - 288. What is the remainder when 860 is divided by a(-2)?
68
Suppose 101 = 5*t + 2*r, 4*t = -t + 5*r + 80. Calculate the remainder when 17 is divided by (t + 0 - -1)/2.
7
Suppose -7*o + 156 + 1741 = 0. Calculate the remainder when o is divided by 94.
83
Let z(x) be the third derivative of -x**5/60 - x**4/3 - x**3/6 + 2*x**2. What is the remainder when 27 is divided by z(-4)?
12
Let y(z) = 7*z - 82. What is the remainder when y(21) is divided by 25?
15
Suppose 10 - 2 = 2*v. Suppose -10 = -3*n - 4*p, -4*n + 2*p + 2 = -v. Suppose -19 = -f - n. What is the remainder when 65 is divided by f?
14
Suppose 24*k = -96 + 11 + 253. Let b = 1 - -10. Calculate the remainder when b is divided by k.
4
Let r(h) be the second derivative of -h**3/2 - h**2 + 5*h. Let f(z) = -z**3 - 7*z**2 - 6*z + 8. What is the remainder when f(-6) is divided by r(-2)?
0
Let k = -240 - -286. What is the remainder when 182 is divided by k?
44
Suppose -o + 2*o + 81 = -3*g, -4*g = 4*o + 348. Let d = o - -96. Calculate the remainder when 21 is divided by d.
3
What is the remainder when 20 is divided by 23 - 15 - (8 + -2)?
0
Let r = 13 + -11. Suppose 127 = r*q - 4*c - 5, 0 = 2*q + 3*c - 146. What is the remainder when q is divided by 24?
22
What is the remainder when (2/10)/((-8)/(-62920)*13) is divided by 117?
4
Let y(j) = -j**3 - j**2 + j + 2. Let a be y(-2). Suppose a = -p + 62. Let m(n) = 2*n**2 + n + 2. Calculate the remainder when p is divided by m(2).
10
Let q(x) = -4*x**3 + 6*x**2 - 7*x + 12. Let t(a) = -5*a**3 + 6*a**2 - 8*a + 13. Let f(w) = 6*q(w) - 5*t(w). Calculate the remainder when 35 is divided by f(-6).
16
Suppose 3*l = m + 262, 0 = -6*l + 8*l - 2*m - 176. Calculate the remainder when l is divided by 18.
15
Let x(b) = b**2 - 3*b + 6. Calculate the remainder when 63 is divided by x(5).
15
Let j = 1 + 3. What is the remainder when 88 is divided by ((-52)/12 - 1)/(j/(-18))?
16
Suppose 2*i - 62 = -0*i. Suppose 15*j = 18*j + 4*k - 28, 2*k = -2*j + 22. What is the remainder when i is divided by j?
15
Let l(k) = -2*k**3 + 2*k**2 - 5*k**2 - k**2 + 2*k**2 - 3 - 4*k. Suppose -12 - 2 = -f - 2*h, 3*f - 47 = -5*h. Calculate the remainder when f is divided by l(-2).
11
Let t = 9 - 16. Suppose -2*r = -19 - 9. What is the remainder when (-2)/t + 1880/35 is divided by r?
12
Calculate the remainder when (198/5)/((-5)/(-25)) is divided by 62.
12
Calculate the remainder when ((-3)/(-2))/((-6)/(-248)) is divided by 3 + ((-688)/(-38) - 98/931).
20
Calculate the remainder when 118 is divided by (-91)/1